, 79
List the prime factors of 2296.
2, 7, 41
What are the prime factors of 3309?
3, 1103
What are the prime factors of 4311?
3, 479
List the prime factors of 101562.
2, 3, 16927
List the prime factors of 819.
3, 7, 13
List the prime factors of 1161.
3, 43
What are the prime factors of 8817?
3, 2939
List the prime factors of 7750.
2, 5, 31
What are the prime factors of 65881?
65881
List the prime factors of 1115.
5, 223
List the prime factors of 685.
5, 137
What are the prime factors of 4260?
2, 3, 5, 71
What are the prime factors of 298?
2, 149
What are the prime factors of 2483?
13, 191
List the prime factors of 542.
2, 271
What are the prime factors of 14899?
47, 317
What are the prime factors of 6068?
2, 37, 41
List the prime factors of 1469.
13, 113
What are the prime factors of 18958?
2, 9479
What are the prime factors of 47328?
2, 3, 17, 29
What are the prime factors of 309?
3, 103
List the prime factors of 1200.
2, 3, 5
What are the prime factors of 10086?
2, 3, 41
What are the prime factors of 2488?
2, 311
List the prime factors of 4489.
67
List the prime factors of 27155.
5, 5431
What are the prime factors of 32?
2
What are the prime factors of 121652?
2, 17, 1789
List the prime factors of 73732.
2, 18433
List the prime factors of 15284.
2, 3821
List the prime factors of 16338.
2, 3, 7, 389
What are the prime factors of 1565?
5, 313
List the prime factors of 26382.
2, 3, 4397
What are the prime factors of 1914?
2, 3, 11, 29
What are the prime factors of 714?
2, 3, 7, 17
List the prime factors of 4288.
2, 67
List the prime factors of 73005.
3, 5, 31, 157
List the prime factors of 20910.
2, 3, 5, 17, 41
What are the prime factors of 948?
2, 3, 79
List the prime factors of 26819.
13, 2063
What are the prime factors of 146?
2, 73
What are the prime factors of 12217?
19, 643
List the prime factors of 11141.
13, 857
What are the prime factors of 10231?
13, 787
What are the prime factors of 28437?
3, 9479
What are the prime factors of 72009?
3, 7, 127
What are the prime factors of 26098?
2, 13049
What are the prime factors of 3864?
2, 3, 7, 23
List the prime factors of 3458.
2, 7, 13, 19
List the prime factors of 1697.
1697
List the prime factors of 2411.
2411
List the prime factors of 27706.
2, 7, 1979
What are the prime factors of 5780?
2, 5, 17
List the prime factors of 19586.
2, 7, 1399
What are the prime factors of 35229?
3, 11743
List the prime factors of 15583.
15583
What are the prime factors of 34884?
2, 3, 17, 19
List the prime factors of 18701.
18701
What are the prime factors of 33796?
2, 7, 17, 71
List the prime factors of 9856.
2, 7, 11
List the prime factors of 33854.
2, 16927
List the prime factors of 34599.
3, 19, 607
List the prime factors of 88850.
2, 5, 1777
List the prime factors of 1849.
43
What are the prime factors of 80788?
2, 19, 1063
What are the prime factors of 94910?
2, 5, 9491
List the prime factors of 4015.
5, 11, 73
What are the prime factors of 3156?
2, 3, 263
List the prime factors of 2268.
2, 3, 7
List the prime factors of 36116.
2, 9029
List the prime factors of 519.
3, 173
List the prime factors of 42310.
2, 5, 4231
What are the prime factors of 3962?
2, 7, 283
What are the prime factors of 38?
2, 19
List the prime factors of 170115.
3, 5, 11, 1031
What are the prime factors of 1933?
1933
What are the prime factors of 4925?
5, 197
List the prime factors of 3462.
2, 3, 577
What are the prime factors of 8?
2
List the prime factors of 53652.
2, 3, 17, 263
What are the prime factors of 1238?
2, 619
What are the prime factors of 28998?
2, 3, 179
List the prime factors of 3292.
2, 823
What are the prime factors of 19466?
2, 9733
What are the prime factors of 583?
11, 53
What are the prime factors of 2218?
2, 1109
What are the prime factors of 110?
2, 5, 11
List the prime factors of 32383.
13, 47, 53
List the prime factors of 8848.
2, 7, 79
List the prime factors of 9176.
2, 31, 37
What are the prime factors of 12929?
7, 1847
What are the prime factors of 9354?
2, 3, 1559
List the prime factors of 1331.
11
List the prime factors of 187.
11, 17
List the prime factors of 14575.
5, 11, 53
What are the prime factors of 7166?
2, 3583
List the prime factors of 2935.
5, 587
List the prime factors of 16641.
3, 43
List the prime factors of 12008.
2, 19, 79
What are the prime factors of 989?
23, 43
List the prime factors of 4138.
2, 2069
List the prime factors of 3293.
37, 89
List the prime factors of 22735.
5, 4547
List the prime factors of 822.
2, 3, 137
List the prime factors of 258.
2, 3, 43
List the prime factors of 115647.
3, 7, 5507
List the prime factors of 5935.
5, 1187
What are the prime factors of 160241?
23, 6967
List the prime factors of 22739.
22739
What are the prime factors of 2012?
2, 503
What are the prime factors of 10298?
2, 19, 271
What are the prime factors of 5850?
2, 3, 5, 13
What are the prime factors of 1790?
2, 5, 179
What are the prime factors of 3961?
17, 233
What are the prime factors of 1132?
2, 283
What are the prime factors of 811?
811
What are the prime factors of 178561?
178561
List the prime factors of 83314.
2, 7, 11, 541
What are the prime factors of 62017?
62017
What are the prime factors of 1546?
2, 773
List the prime factors of 89130.
2, 3, 5, 2971
What are the prime factors of 23542?
2, 79, 149
List the prime factors of 3309.
3, 1103
List the prime factors of 84363.
3, 61, 461
List the prime factors of 8988.
2, 3, 7, 107
List the prime factors of 11365.
5, 2273
List the prime factors of 81106.
2, 107, 379
List the prime factors of 5215.
5, 7, 149
What are the prime factors of 3587?
17, 211
List the prime factors of 793.
13, 61
List the prime factors of 1537.
29, 53
List the prime factors of 81292.
2, 20323
What are the prime factors of 12153?
3, 4051
List the prime factors of 119106.
2, 3, 13, 509
What are the prime factors of 315?
3, 5, 7
List the prime factors of 2588.
2, 647
What are the prime factors of 17168?
2, 29, 37
List the prime factors of 20097.
3, 7, 11, 29
What are the prime factors of 717?
3, 239
List the prime factors of 23726.
2, 11863
List the prime factors of 3018.
2, 3, 503
What are the prime factors of 980?
2, 5, 7
What are the prime factors of 8960?
2, 5, 7
What are the prime factors of 3794?
2, 7, 271
List the prime factors of 59794.
2, 7, 4271
What are the prime factors of 44785?
5, 13, 53
What are the prime factors of 215?
5, 43
What are the prime factors of 992?
2, 31
List the prime factors of 89190.
2, 3, 5, 991
List the prime factors of 7027.
7027
List the prime factors of 961.
31
What are the prime factors of 4581?
3, 509
List the prime factors of 2217.
3, 739
List the prime factors of 794.
2, 397
List the prime factors of 2740.
2, 5, 137
List the prime factors of 230.
2, 5, 23
What are the prime factors of 4087?
61, 67
What are the prime factors of 232?
2, 29
List the prime factors of 57123.
3, 11, 577
List the prime factors of 1746.
2, 3, 97
What are the prime factors of 18137?
7, 2591
What are the prime factors of 352?
2, 11
What are the prime factors of 21694?
2, 10847
What are the prime factors of 58488?
2, 3, 2437
What are the prime factors of 3200?
2, 5
List the prime factors of 1830.
2, 3, 5, 61
List the prime factors of 1875.
3, 5
What are the prime factors of 995?
5, 199
List the prime factors of 241.
241
What are the prime factors of 439?
439
What are the prime factors of 686?
2, 7
What are the prime factors of 25301?
25301
What are the prime factors of 44553?
3, 14851
What are the prime factors of 6483?
3, 2161
List the prime factors of 547.
547
List the prime factors of 737.
11, 67
List the prime factors of 41.
41
List the prime factors of 28295.
5, 5659
List the prime factors of 1280.
2, 5
List the prime factors of 8483.
17, 499
List the prime factors of 5031.
3, 13, 43
What are the prime factors of 770?
2, 5, 7, 11
List the prime factors of 4901.
13, 29
List the prime factors of 9503.
13, 17, 43
What are the prime factors of 1211?
7, 173
List the prime factors of 1331.
11
What are the prime factors of 16915?
5, 17, 199
What are the prime factors of 16847?
17, 991
List the prime factors of 5544.
2, 3, 7, 11
What are the prime factors of 81992?
2, 37, 277
List the prime factors of 43219.
11, 3929
List the prime factors of 523.
523
Li